{"id":229,"date":"2011-06-13T08:56:37","date_gmt":"2011-06-13T06:56:37","guid":{"rendered":"http:\/\/peggy-forum.at\/ptn\/?page_id=229"},"modified":"2020-08-13T05:38:02","modified_gmt":"2020-08-13T03:38:02","slug":"peggy","status":"publish","type":"page","link":"https:\/\/peggytalk.peggy-forum.at\/?page_id=229","title":{"rendered":"Wer ist Peggy"},"content":{"rendered":"<p><img loading=\"lazy\" decoding=\"async\" class=\"size-thumbnail wp-image-6029 alignleft\" src=\"http:\/\/peggytalk.peggy-forum.at\/wp-content\/uploads\/2011\/06\/andrea_hut_250-150x150.jpg\" alt=\"andrea_hut_250\" width=\"150\" height=\"150\" \/><br \/>\nIch bin Wienerin, mit Leib und Seele,<br \/>\nMutter von 3, inzwischen sehr erwachsenen Kindern<br \/>\nund verheiratet mit <strong>J\u00f6rg Voss.<\/strong><\/p>\n<p><span style=\"text-decoration: underline;\"><strong>Name :<\/strong><\/span> <strong>Peggy<\/strong> ist seit 24\u00a0Jahren mein Nick im Internet.<br \/>\nReal hei\u00dfe ich <strong>Andrea Voss<\/strong>, falls euch also irgendwo, z.b. auf Google+<br \/>\noder auf Facebook, der Name unterkommt, das bin dann ich :)<\/p>\n<p><span style=\"text-decoration: underline;\"><strong>Gr\u00f6\u00dfe :<\/strong><\/span> 1,65<br \/>\n<span style=\"text-decoration: underline;\"><strong>Augenfarbe<\/strong><\/span> : blau<br \/>\n<span style=\"text-decoration: underline;\"><strong>Sternzeichen:<\/strong><\/span> L\u00f6we -Aszendent Skorpion<br \/>\n<span style=\"text-decoration: underline;\"><strong>Lieblingsort:<\/strong><\/span> Wien (irgendwie einfallslos, aber es ist so)<br \/>\n<span style=\"text-decoration: underline;\"><strong>Lieblingslekt\u00fcre:<\/strong><\/span> querbeet<br \/>\n<span style=\"text-decoration: underline;\"><strong>Mein gro\u00dfes<\/strong> <strong>Hobby<\/strong>:<\/span> Fotografieren, Geschichten schreiben und Fragen stellen.<br \/>\nIch sammle Eulen, lese gerne von Herz\/Schmerz bis Krimi\/Thriller,<br \/>\nErkunde gerne meine Heimatstadt Wien, mit ohne ohne Cam.<br \/>\nUnd ich st\u00f6bere gern in netten Blogs.<\/p>\n<p><strong>PeggyTalk<\/strong> ist ein Teil meiner <strong><a href=\"https:\/\/die-vossies.at\/nforum\" target=\"_blank\" rel=\"noopener noreferrer\">Homepage<\/a>.<\/strong><br \/>\nDavon nahm bisher\u00a0einen Gro\u00dfteil meine <strong><a href=\"https:\/\/die-vossies.at\" target=\"_blank\" rel=\"noopener noreferrer\">FORUM<\/a><\/strong> ein.<br \/>\nJetzt habe ich mir mit <a href=\"https:\/\/peggytalk.peggy-forum.at\/\" target=\"_blank\" rel=\"noopener noreferrer\">PeggyTalk<\/a> ein zweites Standbein geschaffen.<br \/>\nIch freue mich \u00fcber jeden Besuch hier und wenn ihr eine Nachricht bzw. einen Kommentar zu meinen Beitr\u00e4gen schreibt, freue ich mich noch mehr:<br \/>\nDanke f\u00fcr euer Interesse.<\/p>\n<p><strong>Kontakt<\/strong><\/p>\n<p align=\"left\"><span style=\"font-size: small;\"><a href=\"mailto:peggy@peggy-forum.at\">Peggy<\/a> (<\/span><span style=\"font-size: xx-small;\">Andrea Voss<\/span>) und <a href=\"mailto:voss@peggy-forum.com\">Voss<\/a> (<span style=\"font-size: xx-small;\">J\u00f6rg Voss<\/span>)<span style=\"font-size: xx-small;\"><strong>Hauptseite:<\/strong> <\/span><a href=\"http:\/\/peggy-forum.at\"><span style=\"font-size: xx-small;\">http:\/\/peggy-forum.at<\/span><\/a><\/p>\n","protected":false},"excerpt":{"rendered":"<p>Ich bin Wienerin, mit Leib und Seele, Mutter von 3, inzwischen sehr erwachsenen Kindern und verheiratet mit J\u00f6rg Voss. Name : Peggy ist seit 24\u00a0Jahren mein Nick im Internet. Real hei\u00dfe ich Andrea Voss, falls euch also irgendwo, z.b. auf Google+ oder auf Facebook, der Name unterkommt, das bin dann ich :) Gr\u00f6\u00dfe : 1,65 Augenfarbe : blau Sternzeichen: L\u00f6we<\/p>\n","protected":false},"author":1,"featured_media":0,"parent":0,"menu_order":0,"comment_status":"closed","ping_status":"open","template":"","meta":{"footnotes":""},"post_mailing_queue_ids":[],"_links":{"self":[{"href":"https:\/\/peggytalk.peggy-forum.at\/index.php?rest_route=\/wp\/v2\/pages\/229"}],"collection":[{"href":"https:\/\/peggytalk.peggy-forum.at\/index.php?rest_route=\/wp\/v2\/pages"}],"about":[{"href":"https:\/\/peggytalk.peggy-forum.at\/index.php?rest_route=\/wp\/v2\/types\/page"}],"author":[{"embeddable":true,"href":"https:\/\/peggytalk.peggy-forum.at\/index.php?rest_route=\/wp\/v2\/users\/1"}],"replies":[{"embeddable":true,"href":"https:\/\/peggytalk.peggy-forum.at\/index.php?rest_route=%2Fwp%2Fv2%2Fcomments&post=229"}],"version-history":[{"count":38,"href":"https:\/\/peggytalk.peggy-forum.at\/index.php?rest_route=\/wp\/v2\/pages\/229\/revisions"}],"predecessor-version":[{"id":9393,"href":"https:\/\/peggytalk.peggy-forum.at\/index.php?rest_route=\/wp\/v2\/pages\/229\/revisions\/9393"}],"wp:attachment":[{"href":"https:\/\/peggytalk.peggy-forum.at\/index.php?rest_route=%2Fwp%2Fv2%2Fmedia&parent=229"}],"curies":[{"name":"wp","href":"https:\/\/api.w.org\/{rel}","templated":true}]}}